n divisor of s and 9?
3
Let l = 1950 + -1890. Calculate the highest common divisor of 3380 and l.
20
Suppose 8*y = 3*y + 30. Suppose -797*h + 792*h + 5*c = -285, 3*c = 2*h - 105. Calculate the highest common divisor of y and h.
6
Let k(h) = 39 + 6*h - 4*h - 5*h - 34 + 4*h. Suppose -y + 1 = -5. Let n be k(y). What is the greatest common factor of n and 88?
11
Suppose 4*x - 5234 = -3*b, 5*x + 10 - 5 = 0. What is the highest common divisor of 54 and b?
18
Let a be 2/2 + 167 - (1000 - 996). Calculate the greatest common divisor of 9922 and a.
82
Suppose -3*s + 83 = -s - g, 3*s - 127 = -g. Suppose 0 = 19*m - 222 - 177. What is the highest common factor of m and s?
21
Let z(o) = 3*o**3 - 9*o**2 + 4*o + 8. Suppose -8*b - 2 = -58. Let x be z(b). Calculate the greatest common divisor of x and 48.
48
Let r be 0 - -1 - (-1 + -26). Suppose -45*z + 556 = -4*z - 592. What is the highest common divisor of r and z?
28
Let q(y) = 8*y**2 - 2*y. Let r be q(2). Suppose -v + 4 = 2, 4*v = 4*z - r. Let x be (-2)/(-2) + (z - 0). Calculate the highest common divisor of x and 15.
5
Let b(k) = -k**3 + 89*k**2 - 1770*k + 4. Let i be b(30). Let s(l) = -2*l**3 - 2*l**2 + l + 2. Let x be s(-2). What is the highest common divisor of x and i?
4
Let k be 8/188 + (2124540/235)/33. Let q(z) = z**2 + z. Let r be q(-2). What is the highest common factor of r and k?
2
Suppose 0 = 4*w - 5*k - 13209, 16*k = 3*w + 18*k - 9878. Calculate the highest common factor of w and 927.
103
Suppose 2*q = 272 + 322. What is the greatest common factor of q and 22?
11
Suppose 94*y = 65415 + 165167. What is the greatest common factor of 11 and y?
11
Suppose -4*n + 8 = -21*d + 20*d, 10 = 2*n - 2*d. Let b be (n + (-7)/(35/25))*-21. Calculate the greatest common divisor of b and 12.
12
Let s = -255 - -409. Suppose 0 = -7*p + 5*p + 4. Suppose -p*f - 9 + 53 = 0. Calculate the greatest common factor of f and s.
22
Let v(s) = s**2 - 12*s - 285. Let h be v(39). What is the highest common factor of 6 and h?
6
Let y = 3008 - 2954. Calculate the greatest common divisor of y and 1161.
27
Let q(f) = -f**3 + 18*f**2 - 14*f - 20. Let m be (2 - (-12 + -1))/1. Let s be q(m). Let n = s - 247. What is the greatest common divisor of n and 22?
22
Let i be (-13*16)/(((-119)/14)/17). Let j = -34 + 47. What is the greatest common divisor of i and j?
13
Suppose -z - 8869 = -2*i, 3*z = 3*i - 0*z - 13296. What is the greatest common divisor of i and 17?
17
Let q(n) = 75*n**2 - n + 1. Let d be q(1). Let f be ((-6)/(-14)*-2 - 441844/(-10556)) + 4. Calculate the highest common factor of f and d.
15
Let c = 7 + -5. Suppose 8 = c*u - 0. Suppose 33 = 5*f + 3*h, 2*f = -u*h - 0*h + 16. What is the greatest common factor of f and 3?
3
Let s be -8 - (23 - 17) - -242. Calculate the greatest common divisor of s and 42.
6
Suppose 0 = -414*c + 246*c + 7056. What is the highest common divisor of c and 4046?
14
Let z(q) = q - 3. Let j be z(-6). Let i be (-1136)/j + (-2)/9. Let o be 2 + 2 + 21 + 56/(-32)*4. What is the greatest common factor of o and i?
18
Let f(j) = -j**2 - 12*j + 68. Suppose -11*m = 89 + 87. Let s be f(m). What is the greatest common factor of s and 160?
4
Let x be 7/21*(2 + 1). Suppose -16*u + 24*u - 26 = -2*v, -5*v + 4*u = -209. What is the greatest common divisor of x and v?
1
Suppose -71 = -v + u, 5*u - 296 = -3*v - 115. Suppose v - 61 = 6*o. Calculate the greatest common divisor of o and 2.
1
Let l be ((-2)/6)/(-1 + 4 + (-55)/18). Calculate the highest common factor of 1986 and l.
6
Let l(d) = -25*d**3 - d - 33*d**3 - 27*d**3 + 78*d**3 + 3 - 8*d**2. Let u be l(-3). Calculate the highest common divisor of 82 and u.
41
Let z(a) = -42*a + 206. Let m be z(5). Let x be ((-2)/m)/(9*(-13)/(-4680)). What is the greatest common factor of 460 and x?
20
Let x be (9 - 2) + 40/8. Let r be (11/(110/x))/(1/105). Suppose 3*a - 54 = -0. What is the highest common factor of r and a?
18
Suppose 5*w + 28 - 40 = 2*l, -8 = -2*l. Calculate the greatest common factor of 301 and w.
1
Let d(k) = k**3 - 32*k**2 + 8*k + 170. Let g be d(32). Calculate the greatest common divisor of 142 and g.
142
Suppose -18*n + 16*n + 12 = 0. Suppose 0 = n*v + 50 - 2. Let i(t) = -8*t - 50. Let a be i(v). What is the highest common factor of 70 and a?
14
Let v be 2/10 + (-10 - (-9009)/105). What is the greatest common factor of v and 437?
19
Let u = 18 - -16. Let c = -89 - -310. Calculate the greatest common factor of u and c.
17
Let x be ((-185)/(-5))/(-5 + 6). Suppose 5928 = -25*h + x*h. What is the highest common factor of h and 26?
26
Suppose 5*h + 121 = 16*h. Suppose -2291 = -h*d + 569. What is the highest common factor of 52 and d?
52
Let w = -674 - -772. What is the greatest common factor of w and 154?
14
Let t = 7688 - 7481. Let f(h) = -h**3 - 4*h**2 - 5*h + 3. Let k be f(-4). Calculate the highest common factor of k and t.
23
Let c(f) = f**3 + 71*f**2 + 1124*f - 12. Let i be c(-47). Calculate the greatest common divisor of 451 and i.
11
Let k be 4 + 5 + 35 + 28/4. Calculate the greatest common factor of 24 and k.
3
Let d(s) = -82*s + 4440. Let w be d(36). Calculate the greatest common factor of w and 144.
48
Suppose 0 = 11*p - i - 767, 5*i - 4*i = 4*p - 284. What is the highest common divisor of 1403 and p?
23
Let p = -22 + 35. Suppose 2*c - 4*c - 3*f = -p, -4*f = -4. Suppose 4*d - 55 = -c*h, -4*h - 55 = -2*d - h. What is the greatest common factor of d and 4?
4
Suppose -4*q + b + 2400 + 13605 = 0, 0 = -2*q - 4*b + 8016. What is the highest common divisor of 58 and q?
58
Let w = -340 - -368. Suppose 5*z = -f + 3*z + 206, 2*f - 367 = 5*z. Calculate the highest common divisor of w and f.
28
Suppose -2 = -7*n - 2. Suppose 975 = 5*i + 5*t, 9*i - 4*i + 3*t - 967 = n. Let m = i - 131. Calculate the highest common factor of m and 24.
12
Let a(z) = 2*z**2 + 8*z - 51. Let t be a(-8). Suppose -3*u + 301 = t. Calculate the greatest common factor of u and 12.
12
Suppose -4*n = n - 160. Let j(l) = 3*l - 11. Let p be j(n). Calculate the greatest common divisor of 5 and p.
5
Let z = 297 + -257. Let i be 2/10 - (-5192)/z. Calculate the highest common divisor of i and 10.
10
Let z be -3*(56/10)/((-135)/1575). What is the highest common divisor of z and 8428?
196
Let w be (15/20 - 861/4)*(-220)/10. Calculate the greatest common divisor of 39 and w.
39
Suppose -20*v + 38 = -42. Calculate the highest common factor of 44 and v.
4
Let r(k) = -k**3 + 26*k**2 - 45. Let b be r(26). Let a = b - -56. Suppose -2*l = 2*l - 308. What is the greatest common divisor of a and l?
11
Let c = 7967 + -7927. Calculate the greatest common divisor of 3260 and c.
20
Let l = 2138 + -1356. Calculate the highest common divisor of 34 and l.
34
Let f be -1*(-2 - 6)*10. Suppose -6*a + a + f = 0. Let p(r) = 20*r - 20. Let s be p(3). Calculate the highest common divisor of a and s.
8
Suppose 29*r - 32*r - 3*b = -114, 0 = 3*r - b - 98. Calculate the greatest common factor of 1853 and r.
17
Let m(v) = 11*v + 154. Let p(a) = 6*a + 76. Let f(t) = 3*m(t) - 5*p(t). Let c be f(-10). What is the greatest common factor of 156 and c?
52
Suppose o - 31 = -234*t + 232*t, -18 = -2*t. Suppose 5*k + 3*m = 730, -2*k - 404 = -5*k + 5*m. What is the greatest common divisor of k and o?
13
Let z = 427 - 377. Suppose 7*w - z = 174. What is the highest common divisor of w and 176?
16
Suppose -36*h = -124*h + 528. Calculate the greatest common factor of h and 1332.
6
Suppose -38 = -17*o + 82 + 186. What is the highest common factor of 450 and o?
18
Let g be (-24)/(-9) + (-3)/(-9). Suppose -g = 3*r, -r = 3*k + r - 58. What is the greatest common factor of k and 220?
20
Let q(i) = i**2. Let j be q(-2). Suppose j*g + 71 = 87. What is the highest common divisor of 10 and g?
2
Suppose 42707 - 36115 = 16*l. What is the highest common factor of 52 and l?
4
Let q(x) = 28*x**2 + x. Suppose n + 2 - 3 = 0. Let a be q(n). Let m(k) = 721*k + 4384. Let z be m(-6). Calculate the highest common factor of z and a.
29
Suppose -323*j + 263 = -1940 - 3288. What is the highest common divisor of j and 1887?
17
Let o be (2/21 + (-5052)/126)*(-21)/15. Calculate the greatest common divisor of 4830 and o.
14
Suppose 2*v + 35 = 7*v. Let p = -457 - -548. What is the highest common factor of v and p?
7
Suppose 4*q + 3*d = 5124, -5*q + 175*d = 176*d 